*p(o). Does 26 divide g(-2)?
True
Suppose 0 = 5*q - 4 + 9. Let l be (3 + q)*215/10. Let i = l - 22. Does 3 divide i?
True
Let t = -36 + 98. Suppose 0 = -3*r - s + 165, -t + 172 = 2*r + 4*s. Suppose -q + r = 2*v, -4*v + 42 = -q - 77. Does 18 divide v?
False
Let c(x) be the first derivative of x**4/4 + 4*x**3/3 - 3*x**2/2 + 7*x - 5. Let v be c(-5). Does 13 divide 74*1*v/(-6)?
False
Suppose 0 = 5*n - 85*p + 87*p - 1023, -5*p - 1030 = -5*n. Is n a multiple of 12?
False
Let o(m) = 76*m - 91. Does 42 divide o(8)?
False
Let q be 10/((-51)/(-24) - 2). Suppose 2*y - 160 - q = 0. Does 15 divide y?
True
Does 3 divide (-372)/48*(0 - 72)?
True
Is (235/10)/((-10)/(-140)) a multiple of 8?
False
Suppose -7*m - 1555 = -2*m. Let z = 527 + m. Is z a multiple of 8?
True
Suppose 609*r + 23218 = 635*r. Does 19 divide r?
True
Let v(m) = -m**3 - 10*m**2 - 11*m - 13. Let w be v(-9). Let j(q) = q**2 + 4*q - 5. Does 10 divide j(w)?
True
Does 7 divide ((-5)/(20/159))/(39/(-52))?
False
Suppose -5*c + k + 4 = -0, -3*k - 12 = -5*c. Suppose c = -5*u + 163 - 28. Suppose -97 = -5*s - u. Is 10 a factor of s?
False
Let b = 6 + -6. Suppose -5*c - 4*a = -304, -181 = -3*c - a - b*a. Suppose -3*u - c + 22 = -w, -3*w - 2*u + 169 = 0. Is 13 a factor of w?
False
Let g(o) = -3*o - 5*o**2 + 3*o**2 - 4 + 3*o**2. Suppose 0 = 5*x + 15, 5*d - 3*x - 24 = -5*x. Is g(d) a multiple of 4?
False
Let w = 151 + -92. Is w a multiple of 45?
False
Let n(g) = 97*g - 713. Does 21 divide n(8)?
True
Let a be (-1)/5 + 1*(-6)/(-30). Let r(z) = z**3 + 231. Is 13 a factor of r(a)?
False
Let v(a) = a**3 + 11*a**2 - 16*a - 7. Let x be v(-11). Let k = 253 - x. Does 13 divide k?
False
Let c = 6 - -36. Let t = -131 - -121. Let o = c - t. Does 13 divide o?
True
Suppose -3*g = -19 - 2. Suppose 0 = -g*u - 28 + 308. Is 10 a factor of u?
True
Suppose -5*x + 700 = -2*d, 4*x - 3*d - 572 = d. Is x a multiple of 10?
False
Let c(j) = 11*j**2 + 170*j + 7. Is 37 a factor of c(-19)?
False
Suppose -20*n + 23*n - 1069 = 2*j, 0 = 3*n + 4*j - 1039. Does 28 divide n?
False
Suppose 5*r + o - 117 = 962, -5*r = 2*o - 1078. Is 27 a factor of r?
True
Let x be 4 + (2 - -8)*1/2. Suppose -6*q + 27 = x. Is 2 a factor of q?
False
Suppose 0 = -3*t + 5*w + 1081, -4*t + 4*w = -9*t + 1777. Is 17 a factor of t?
True
Let h = 470 - -128. Does 26 divide h?
True
Suppose -5*n = 4*y - 17, -3*y + 3*n = n - 7. Suppose -3*o + y*u + 122 = -82, 0 = -2*o + 3*u + 133. Does 8 divide o?
False
Suppose 0*s + 25 = 2*s - 5*j, j = -2*s - 5. Suppose 2*n - 41 + 13 = s. Does 14 divide n?
True
Suppose -4*g - 13 = -3*o + 38, g + o + 11 = 0. Let u be (-2)/6 + g/(-9). Does 2 divide (0 - -3)/(u/3)?
False
Let c = 140 - -21. Is 23 a factor of c?
True
Let l be (20/(-6))/((-4)/(-18)). Let a = l + 23. Does 21 divide 107/5 + a/(-20)?
True
Let r(s) = -10*s**2 + 15*s + 21. Let j(z) = -3*z**2 + 5*z + 7. Let v(f) = 7*j(f) - 2*r(f). Let p be v(5). Suppose -p*g = -4*g - 183. Is g a multiple of 8?
False
Let k be 1*(-4)/6*12. Let b = k - -10. Suppose -21 = -b*p + 1. Does 11 divide p?
True
Let q(z) = 42*z - 138. Is 22 a factor of q(8)?
True
Suppose 0 = -4*r - 0*r - 248. Let x = 71 + r. Does 9 divide x?
True
Let g(c) = c**2 - 4*c. Let t be g(4). Suppose 4*n - 96 = -t*n. Let x = 37 - n. Does 13 divide x?
True
Let r = -29 - -5. Let m = r - -64. Is m a multiple of 8?
True
Suppose 0 = -t - 3 + 66. Suppose -3*y + t = -4*q + 13, 5*y = -2*q + 92. Is y a multiple of 3?
True
Let b be (-4766)/(-18) - (-8)/36. Suppose 6*n + 25 - b = 0. Does 18 divide n?
False
Let i(b) = b**3 + 3*b**2 + 3*b + 3. Let w be i(-2). Let s(f) = 131*f**2 + 1. Is s(w) a multiple of 22?
True
Suppose -14*f - 814 = -3432. Does 13 divide f?
False
Let b(g) = -g**3 - 3*g**2 - 6*g - 3. Let q be b(-2). Suppose -3*a = -5*u - 131, -q*a - 6*u + 2*u + 243 = 0. Is 15 a factor of a?
False
Let i = -10 + 6. Let f be i/14 - 76/28. Is (-20 - 6/f)*-1 a multiple of 12?
False
Let t = -545 - -550. Let q(c) = c**2 - 4*c - 1. Let y be q(5). Suppose 4*k - t*j - 47 = 0, -y*k + k = -j - 27. Does 8 divide k?
True
Let k be (4/10)/(7/70). Suppose 165 = k*v - 631. Suppose -2*i - 31 = -v. Is 26 a factor of i?
False
Suppose 2*x + 3*k + 84 = 27, -2*k + 154 = -4*x. Let c be (2*2)/(12/24). Let g = c - x. Does 22 divide g?
True
Let w(d) = -d - 4. Let p be w(-2). Let j be (-1)/p - 30/4. Let o(h) = -3*h + 7. Does 11 divide o(j)?
False
Suppose j + 4 - 46 = 0. Suppose -3*v + 184 = -5*w, v + v = -w - j. Let k = -20 - w. Is 6 a factor of k?
True
Let p(c) = 8*c**2 + 7*c - 45. Let h(j) = -3*j**2 - 2*j + 15. Let v(y) = -11*h(y) - 4*p(y). Is v(7) a multiple of 11?
True
Let v = 1986 - 1364. Does 14 divide v?
False
Suppose -7*b = 377 - 594. Does 9 divide b?
False
Let v(p) = -6*p**3 + 4*p**2 - 3*p - 13. Let c be v(-4). Suppose -2*r = -3*s - c, -3*r + 4*s = 2*r - 1100. Does 27 divide r?
True
Let x = 1082 + -956. Is x a multiple of 6?
True
Let v(p) = -p**2 - 12*p - 8. Let a be v(-11). Let u be (-40 + -2)/(-1) + a. Is 375/u - (-1)/(-3) a multiple of 4?
True
Suppose 9 + 31 = 8*j. Suppose 0 = -4*p + z + 437, -j*z + 0*z + 191 = 2*p. Is p a multiple of 54?
True
Let z(o) = o**3 - 10*o**2 + 5*o + 6. Is z(11) a multiple of 26?
True
Let w be 6216/63 - 4/6. Let j = w + -35. Does 21 divide j?
True
Let d be ((-2)/(-3))/(3/18). Suppose 3*p - 310 = -d*j + 153, 4*j + p - 453 = 0. Does 16 divide j?
True
Let z(r) = 5*r**3 + 7*r**2 + 3*r - 2. Let p be z(-2). Is ((-1)/(2/1))/(p/480) a multiple of 2?
True
Let i be (-2)/(-2*(-4)/424). Let w = -215 - i. Let l = w + 181. Is 22 a factor of l?
False
Let n(t) = -4 + 2 + t + t**2 + 5*t**2. Suppose 5*i - 4*p + p = 1, 3*i = -2*p + 12. Is n(i) a multiple of 8?
True
Suppose -2*y - 3 = 2*s - 1, 5*s - 5*y = 25. Suppose c = s*k - 0*c - 116, k - 40 = 5*c. Suppose 0 = 4*f - 5*f + k. Does 10 divide f?
True
Let h(d) = 5*d**2 - 4*d - 1. Let f = -40 + 36. Does 10 divide h(f)?
False
Let s(t) be the second derivative of -t**3/6 + 5*t**2/2 - 9*t. Is 6 a factor of s(-8)?
False
Let p(w) = 7*w - 2. Suppose 6 = -d + 3*d. Suppose -d*i + i = -6. Is p(i) a multiple of 8?
False
Let g be (-1)/5 + ((-3254)/5 - 0). Let a = g + 923. Does 58 divide a?
False
Let v = 35 - 31. Let b be -2*(v - (2 - -1)). Is 5 a factor of (b/1 - -6) + 23?
False
Let u = -215 + 1371. Is u a multiple of 68?
True
Let d(x) be the second derivative of -23*x**3/6 - 14*x**2 + 6*x. Let a be d(-8). Suppose 4*q - a = 20. Is q a multiple of 10?
False
Let z = -485 - -1564. Does 28 divide z?
False
Suppose 20 = d - 5*l, 1 = 3*d + 5*l + 21. Suppose 5*k - 83 - 67 = d. Is 5 a factor of k?
True
Let k = -1114 - -1886. Is k a multiple of 36?
False
Let b(z) = 3*z**2 + z + 8. Let m be b(-5). Let l = m + 6. Is 42 a factor of l?
True
Let t(d) be the first derivative of d**4/2 + 3*d**2/2 - 2*d - 3. Does 5 divide t(2)?
True
Suppose -6*d = -2829 - 1491. Is d a multiple of 30?
True
Let r(u) = 7*u**2 - 4*u + 6. Let o be r(4). Does 2 divide o/8 - (-1)/4?
False
Suppose 988 = -5*i + 123. Let j = 303 + i. Is j a multiple of 26?
True
Is (((-21840)/18)/13)/((-2)/45) a multiple of 75?
True
Suppose -1581*d + 1578*d + 2706 = 0. Does 82 divide d?
True
Let p be (100/(-5))/5*(-82)/4. Suppose 36 = 2*d - 38. Let z = p - d. Does 30 divide z?
False
Suppose -3 = -3*z + 3. Let u be z*(-5)/(20/(-14)). Suppose -2*h = 4*s - 270, u*s - 4*s - 3*h - 198 = 0. Is s a multiple of 12?
False
Suppose 0 = 248*f - 243*f - 14790. Is 76 a factor of f?
False
Let n(p) = -p**3 - p + 2. Let v be n(1). Suppose 5*r - 7*r + 226 = v. Is 18 a factor of r?
False
Suppose 0 = 4*l - 3*t - 1119, -6*l + 8*l - 5*t - 563 = 0. Does 9 divide l?
True
Is 11 a factor of 263 - (5 + (-11)/((-44)/(-16)))?
False
Let k be (-12)/42 - 60/(-14). Suppose 3*r - 2*r = -5*i + 222, k*r = 3*i - 124. Is i a multiple of 11?
True
Let x(d) = d**3 - 2*d**2 + 1. Let j be x(1). Suppose -g + 4*g = j. Suppose 5*k + l - 277 = g, 5*k + 6*l = 2*l + 268. Is 14 a factor of k?
True
Let u = 126 - 180. Let q = u + 122. Does 25 divide q?
False
Suppose -7*d = -3*d. Suppose -4*o - n - 17 = d, -2*n + 3*n = o + 3. Is (1 + 10)/(o/(-32)) a multiple of 42?
False
Suppose 3*v - 5*s = 1019 + 302, 5*v - 5*s - 2185 = 0. Does 54 divide v?
True
Suppose 5*v - 13 = 7. Suppose 0 = 2*d - 5*n + 528, -473 = v*d - n + 565. Is (-39)/52 + d/(-4) a multiple of 32?
True
Let d = 592 - 556. Is d a multiple of 18?
True
Suppose w + w = 0. Let